41
What is 3 (base 11) in base 8?
3
Convert -161 (base 7) to base 9.
-112
What is -10 (base 4) in base 11?
-4
0 (base 4) to base 2
0
What is -20 (base 6) in base 3?
-110
What is -83 (base 15) in base 13?
-96
-10100 (base 3) to base 9
-110
32 (base 6) to base 3
202
Convert -18b (base 13) to base 14.
-164
Convert -1 (base 4) to base 11.
-1
Convert -c (base 14) to base 3.
-110
7 (base 12) to base 4
13
4 (base 15) to base 6
4
-3 (base 11) to base 16
-3
-a (base 16) to base 12
-a
-1 (base 4) to base 12
-1
16 (base 15) to base 14
17
What is 7 (base 11) in base 8?
7
What is -1 (base 16) in base 12?
-1
What is -2 (base 15) in base 2?
-10
-5 (base 6) to base 13
-5
Convert d1 (base 16) to base 3.
21202
What is -74 (base 9) in base 4?
-1003
-6 (base 15) to base 6
-10
-1001 (base 2) to base 16
-9
10 (base 5) to base 4
11
2 (base 16) to base 15
2
Convert 3 (base 12) to base 13.
3
10101 (base 3) to base 16
5b
3 (base 15) to base 9
3
Convert -10 (base 3) to base 16.
-3
Convert -3 (base 13) to base 5.
-3
What is 1 (base 7) in base 10?
1
Convert 521 (base 6) to base 11.
166
Convert 10 (base 5) to base 9.
5
Convert -4 (base 11) to base 6.
-4
14 (base 5) to base 7
12
What is -4 (base 9) in base 11?
-4
Convert -169 (base 11) to base 6.
-524
76 (base 8) to base 12
52
7d (base 14) to base 13
87
112 (base 3) to base 2
1110
194 (base 13) to base 16
122
What is 31 (base 4) in base 2?
1101
What is -2 (base 7) in base 3?
-2
0 (base 15) to base 4
0
Convert -2 (base 16) to base 10.
-2
-1001100 (base 2) to base 8
-114
-2 (base 10) to base 13
-2
What is 100 (base 2) in base 6?
4
-8 (base 14) to base 6
-12
Convert -3 (base 11) to base 15.
-3
Convert -2 (base 12) to base 13.
-2
Convert 7 (base 15) to base 7.
10
Convert 51 (base 9) to base 15.
31
Convert 12 (base 14) to base 3.
121
What is 30 (base 9) in base 15?
1c
Convert -14 (base 5) to base 15.
-9
What is -1011 (base 2) in base 14?
-b
What is -2011 (base 3) in base 13?
-46
What is 41 (base 7) in base 6?
45
What is 111 (base 7) in base 12?
49
Convert 5 (base 16) to base 15.
5
Convert 2 (base 7) to base 11.
2
Convert -10 (base 5) to base 11.
-5
5 (base 9) to base 11
5
What is -14 (base 11) in base 13?
-12
Convert -12 (base 14) to base 13.
-13
-22 (base 4) to base 11
-a
Convert 122 (base 6) to base 13.
3b
What is -343 (base 5) in base 6?
-242
3 (base 14) to base 3
10
What is 217 (base 11) in base 13?
170
What is -1 (base 13) in base 2?
-1
10111110 (base 2) to base 15
ca
Convert 1 (base 4) to base 14.
1
29 (base 13) to base 11
32
What is -2 (base 15) in base 4?
-2
Convert -150 (base 11) to base 3.
-20112
What is -3021 (base 4) in base 9?
-243
What is 106 (base 8) in base 3?
2121
-3 (base 4) to base 6
-3
Convert -4 (base 6) to base 16.
-4
What is -1010011 (base 2) in base 4?
-1103
Convert 1 (base 6) to base 5.
1
22 (base 12) to base 13
20
Convert 2 (base 10) to base 16.
2
What is 2024 (base 5) in base 11?
220
Convert -2 (base 8) to base 7.
-2
Convert -3 (base 15) to base 5.
-3
Convert 44 (base 5) to base 8.
30
Convert -24 (base 8) to base 12.
-18
Convert -7a (base 13) to base 3.
-10202
Convert 34 (base 5) to base 13.
16
Convert -1001110 (base 2) to base 13.
-60
Convert 3 (base 7) to base 2.
11
Convert -76 (base 10) to base 2.
-1001100
What is -2a (base 12) in base 8?
-42
360 (base 7) to base 16
bd
-1 (base 15) to base 4
-1
What is 21 (base 12) in base 11?
23
Convert 225 (base 7) to base 12.
99
Convert -1330 (base 4) to base 8.
-174
-1101 (base 3) to base 11
-34
Convert -22 (base 13) to base 12.
-24
Convert -119 (base 12) to base 7.
-324
What is -11 (base 2) in base 13?
-3
Convert -1 (base 5) to base 9.
-1
Convert -6 (base 8) to base 15.
-6
11 (base 16) to base 12
15
18 (base 14) to base 6
34
10 (base 2) to base 13
2
What is -a (base 14) in base 5?
-20
1 (base 14) to base 3
1
16 (base 13) to base 4
103
What is -5 (base 13) in base 2?
-101
Convert 251 (base 7) to base 16.
86
3 (base 15) to base 7
3
Convert -2332 (base 4) to base 2.
-10111110
Convert 3 (base 7) to base 10.
3
What is 115 (base 14) in base 6?
555
Convert -132 (base 4) to base 5.
-110
Convert 107 (base 10) to base 9.
128
Convert -4 (base 7) to base 15.
-4
Convert 1001110 (base 2) to base 16.
4e
Convert 2b (base 14) to base 12.
33
What is 10 (base 5) in base 12?
5
What is 36 (base 15) in base 5?
201
What is -2 (base 14) in base 3?
-2
-11 (base 8) to base 2
-1001
What is 92 (base 11) in base 10?
101
1113 (base 4) to base 15
5c
Convert -46 (base 9) to base 2.
-101010
What is 22 (base 10) in base 14?
18
What is -7 (base 9) in base 11?
-7
-1 (base 16) to base 3
-1
What is -35 (base 14) in base 11?
-43
5 (base 8) to base 2
101
0 (base 4) to base 2
0
-43 (base 9) to base 12
-33
Convert 12 (base 9) to base 6.
15
What is 1215 (base 6) in base 11?
252
What is 3 (base 7) in base 9?
3
Convert -2 (base 10) to base 2.
-10
Convert -141 (base 8) to base 10.
-97
Convert -101 (base 2) to base 9.
-5
What is 6 (base 7) in base 9?
6
Convert -54 (base 11) to base 12.
-4b
What is 1 (base 12) in base 2?
1
What is -43 (base 9) in base 5?
-124
-2 (base 6) to base 3
-2
-100 (base 2) to base 3
-11
What is 417 (base 8) in base 11?
227
What is 0 (base 3) in base 8?
0
Convert 232 (base 5) to base 15.
47
What is -8 (base 16) in base 11?
-8
What is -10 (base 5) in base 16?
-5
Convert 1 (base 3) to base 14.
1
13 (base 12) to base 9
16
What is -52 (base 16) in base 6?
-214
Convert -12 (base 9) to base 5.
-21
What is -4 (base 5) in base 14?
-4
-52 (base 15) to base 14
-57
Convert 225 (base 6) to base 13.
6b
Convert -22210 (base 3) to base 2.
-11101101
What is 423 (base 5) in base 7?
221
Convert -5 (base 11) to base 10.
-5
5 (base 16) to base 6
5
131 (base 11) to base 5
1110
What is 49 (base 13) in base 9?
67
22 (base 4) to base 10
10
-210 (base 4) to base 12
-30
Convert 7 (base 12) to base 11.
7
1121 (base 3) to base 11
3a
What is 8 (base 9) in base 2?
1000
-85 (base 13) to base 6
-301
Convert 19c (base 14) to base 4.
11032
Convert -17 (base 16) to base 10.
-23
-26 (base 15) to base 8
-44
What is 225 (base 7) in base 10?
117
Convert -6 (base 8) to base 7.
-6
-50 (base 10) to base 5
-200
1 (base 8) to base 15
1
Convert -231 (base 9) to base 6.
-514
-4 (base 10) to base 8
-4
Convert 111101 (base 2) to base 10.
61
Convert -3 (base 13) to base 7.
-3
What is -103 (base 4) in base 14?
-15
Convert 17 (base 14) to base 7.
30
Convert -10 (base 3) to base 8.
-3
What is 4 (base 8) in base 15?
4
Convert 0 (base 16) to base 13.
0
Convert 4 (base 13) to base 4.
10
3 (base 10) to base 14
3
-3 (base 12) to base 8
-3
130 (base 14) to base 3
22211
What is 21222 (base 3) in base 12?
15b
What is 131 (base 12) in base 14?
cd
What is -3 (base 13) in base 4?
-3
10 (base 3) to base 5
3
What is -10 (base 2) in base 15?
-2
Convert 1 (base 6) to base 11.
1
What is 23 (base 15) in base 12?
29
5 (base 7) to base 16
5
Convert 114 (base 7) to base 14.
44
-7 (base 14) to base 3
-21
Convert -1 (base 13) to base 12.
-1
-22211 (base 3) to base 13
-154
-1 (base 14) to base 3
-1
Convert 45 (base 6) to base 2.
11101
Convert -34 (base 5) to base 9.
-21
Convert 7 (base 11) to base 15.
7
0 (base 13) to base 6
0
Convert -2 (base 3) to base 5.
-2
Convert 47 (base 13) to base 8.
73
Convert -7 (base 9) to base 2.
-111
-6 (base 10) to base 11
-6
Convert 24 (base 10) to base 12.
20
14a (base 12) to base 9
244
6 (base 8) to base 13
6
What is 12 (base 7) in base 14?
9
Convert 6 (base 7) to base 11.
6
What is -55 (base 7) in base 2?
-101000
What is 14 (base 7) in base 13?
b
What is 6 (base 14) in base 9?
6
What is 2 (base 10) in base 11?
2
0 (base 9) to base 6
0
-6 (base 8) to base 12
-6
What is 6 (base 16) in base 15?
6
15 (base 16) to base 10
21
-15 (base 6) to base 13
-b
2 (base 10) to base 15
2
Convert -46 (base 7) to base 5.
-114
Convert -4 (base 9) to base 3.
-11
What is -6 (base 12) in base 3?
-20
What is b (base 14) in base 11?
10
What is 2 (base 6) in base 15?
2
What is -443 (base 5) in base 9?
-146
Convert -450 (base 9) to base 4.
-11301
What is -2 (base 14) in base 4?
-2
Convert -2 (base 12) to base 7.
-2
What is 403 (base 5) in base 2?
1100111
What is -31 (base 8) in base 13?
-1c
Convert 10010 (base 2) to base 11.
17
Convert -50 (base 8) to base 4.
-220
Convert -2 (base 9) to base 15.
-2
-2 (base 7) to base 9
-2
-1aa (base 13) to base